= x**2 - 7*x + 7. Give o(7).
7
Let u(h) = -2*h**3 + 5*h**2 - 6*h + 4. Calculate u(4).
-68
Let w(g) = -g + 20. What is w(10)?
10
Let n(h) = -h**3 + 7*h**2 + 2*h + 16. Determine n(7).
30
Let m(b) = b**3 + 6*b**2 + 3*b + 20. Calculate m(-6).
2
Let s(f) = -2*f**2 + 11*f + 14. What is s(6)?
8
Let j(d) = 9*d + 3. Determine j(2).
21
Let r(f) = -f**3 - 18*f**2 - 22*f - 96. What is r(-17)?
-11
Let b(t) = -t**2 - 15*t + 6. What is b(-7)?
62
Let u(h) = -h**2 - 39*h - 198. Determine u(-6).
0
Let k(g) = g + 7. Determine k(-13).
-6
Let l(m) = -m**2 - 17*m - 22. Determine l(-10).
48
Let x(c) = c**3 - 26*c**2 + 22*c - 54. Give x(25).
-129
Let t(k) = -k**2 - 8*k + 6. Calculate t(-9).
-3
Let y(w) = w**2 + 7*w - 5. Calculate y(-5).
-15
Let m(g) = g**3 - 12*g**2 + 5*g - 16. What is m(12)?
44
Let j(h) = -h**3 + 9*h**2 + h - 7. Determine j(9).
2
Let k(l) = -l**2 + 3*l + 7. Calculate k(5).
-3
Let k(p) = -17*p**2 - p. Give k(-1).
-16
Let k(o) = o**2 + 13*o + 21. What is k(-7)?
-21
Let f(w) = -w**3 - 7*w**2 - 14*w - 10. Give f(-5).
10
Let v(a) = 5*a - 6. Calculate v(-5).
-31
Let g(z) = -z**3 + 63*z**2 - 71*z + 558. Give g(62).
0
Let m(h) = -4*h - 2. Give m(-3).
10
Let w(l) = 2*l**2 - 2. Determine w(-3).
16
Let d(u) = -8*u + 8. Calculate d(1).
0
Let u(o) = 7*o - 68. Give u(27).
121
Let g(s) = 10*s - 90. Give g(9).
0
Let a(f) = f**2 + 27*f - 140. Give a(4).
-16
Let u(d) = -d**3 - 4*d**2 - 6*d - 15. What is u(-3)?
-6
Let r(g) = g + 2. Determine r(9).
11
Let v(n) = -n**2 - 7*n + 12. What is v(-10)?
-18
Let s(m) = -9*m + 5. Determine s(5).
-40
Let i(u) = 4*u - 3. Give i(-1).
-7
Let p(g) = -g - 6. What is p(-4)?
-2
Let h(v) = -v**2 + v + 1. Calculate h(-2).
-5
Let q(t) = -t + 8. Calculate q(12).
-4
Let l(b) = -7*b + 462. Calculate l(65).
7
Let n(f) = -21*f**2 + 2*f - 4. What is n(-2)?
-92
Let b(l) = 2*l**2 + l - 9. Calculate b(6).
69
Let j(p) = -p**2 + 4*p + 4. What is j(6)?
-8
Let g(j) = -j**2 + 10*j + 9. Determine g(11).
-2
Let x(d) = 3*d + 11. What is x(-10)?
-19
Let c(t) = t**3 + 10*t**2 + 26*t - 2. Determine c(-7).
-37
Let a(o) = -7*o**3 + 16*o**2 + 7*o - 10. What is a(3)?
-34
Let c(k) = 19*k**2 + 131*k - 19. Calculate c(-7).
-5
Let t(y) = y + 26. What is t(0)?
26
Let l(p) = -17*p + 119. Calculate l(7).
0
Let v(d) = -2*d**2 + 2*d - 1. Give v(0).
-1
Let p(h) = h**2 + 13*h. Determine p(-11).
-22
Let b(v) = -38*v + 23. Give b(-4).
175
Let x(f) = -f**2 - 20*f + 26. Determine x(-19).
45
Let p(v) = v - 26. Determine p(25).
-1
Let p(z) = 21*z - 3. Calculate p(2).
39
Let l(a) = a**2 + a - 6. Calculate l(-5).
14
Let r(z) = -6*z**2 + 2*z + 2. Give r(-1).
-6
Let q(b) = -2*b + 14. Determine q(6).
2
Let u(r) = -r**2 - 32*r + 228. Determine u(-38).
0
Let u(q) = -4*q - 85. Determine u(-20).
-5
Let g(k) = -15*k + 18. Give g(6).
-72
Let i(p) = 139*p. Give i(-1).
-139
Let n(v) = -v - 4. Give n(-5).
1
Let h(z) = -z**3 + 2*z**2 - 3*z + 2. Determine h(1).
0
Let q(a) = -a**3 + 6*a**2 + 16*a + 11. Determine q(8).
11
Let w(x) = x**2 + 7*x + 10. Determine w(-4).
-2
Let n(t) = 17*t + 338. Calculate n(-20).
-2
Let i(x) = -22*x + 54. Give i(4).
-34
Let p(x) = -2*x**2 + 13*x - 15. What is p(6)?
-9
Let t(o) = -17*o - 16. Give t(6).
-118
Let f(j) = -j**2 - 9*j + 2. Calculate f(-11).
-20
Let m(k) = -2*k**3 + 14*k**2 - 15*k + 15. Give m(6).
-3
Let f(v) = -2*v + 9. Calculate f(9).
-9
Let l(c) = -10*c + 11. Calculate l(-5).
61
Let v(z) = z**2 - 7*z - 3. Give v(9).
15
Let u(v) = -5*v**3 + v**2 + 3*v - 5. What is u(2)?
-35
Let q(r) = -2*r**2 + 1. What is q(2)?
-7
Let h(r) = 3*r - 2. Give h(3).
7
Let l(a) = -168*a - 836. What is l(-5)?
4
Let k(g) = -65*g - 60. What is k(-1)?
5
Let d(t) = 2*t - 10. Calculate d(16).
22
Let h(v) = 137*v + 1099. What is h(-8)?
3
Let z(c) = c**3 - 11*c**2 + 12*c - 8. What is z(10)?
12
Let i(n) = -n**3 + 5*n**2 + 5*n - 8. Calculate i(6).
-14
Let o(m) = 5*m + 176. Determine o(-24).
56
Let r(s) = -129*s + 640. Give r(5).
-5
Let o(g) = -g**3 + 4*g**2 - 4. Determine o(4).
-4
Let f(c) = 8*c**2 - 183*c - 11. What is f(23)?
12
Let t(w) = w**3 + 5*w**2 - 12*w + 1. Calculate t(-6).
37
Let t(u) = u**3 - 6*u**2 + 12*u + 6. What is t(4)?
22
Let t(d) = 3*d**2 + 14*d + 9. Determine t(-4).
1
Let m(u) = 8*u - 28. What is m(4)?
4
Let a(f) = 14*f - 25. Determine a(7).
73
Let q(p) = p**3 - 21*p**2 + 83*p - 35. Calculate q(16).
13
Let p(l) = -17*l - 18. Calculate p(4).
-86
Let y(t) = t**2 + 2*t - 5. Give y(2).
3
Let x(w) = 3*w - 42. Determine x(0).
-42
Let o(b) = -7*b + 11. Give o(-7).
60
Let t(l) = l**3 + 16*l**2 + 13*l - 31. What is t(-15)?
-1
Let d(b) = -b**3 - 39*b**2 - 39*b - 48. Give d(-38).
-10
Let b(r) = r**3 + 2*r**2 - 3*r + 7. Determine b(-4).
-13
Let r(f) = -f**3 - 7*f**2 + 5*f + 21. Give r(-7).
-14
Let h(c) = -2*c + 23. Determine h(6).
11
Let j(n) = n + 18. Determine j(-7).
11
Let m(s) = 3*s**2 - 5*s + 14. What is m(2)?
16
Let q(h) = 2*h**2 - 4*h - 4. What is q(-1)?
2
Let g(u) = -u**2 + 3*u + 1. Give g(5).
-9
Let m(q) = q**2 - 7*q - 26. Give m(10).
4
Let w(i) = 9*i + 187. Calculate w(-20).
7
Let i(n) = -n**3 + 13*n**2 + 122*n + 15. Give i(-6).
-33
Let x(g) = 6*g**3 + g**2 + g - 1. Give x(1).
7
Let a(y) = y**3 - 9*y**2 - y + 5. What is a(9)?
-4
Let d(m) = 12*m - 30. Calculate d(4).
18
Let g(q) = q + 4. Give g(-2).
2
Let m(s) = -s**3 + 17*s**2 - s + 22. Give m(17).
5
Let z(o) = -9*o. Calculate z(2).
-18
Let n(m) = m**3 + 3*m**2 - 9*m - 18. Calculate n(-4).
2
Let l(j) = -j**3 - 8*j**2 - 12*j - 8. Determine l(-3).
-17
Let i(f) = -f**3 - 7*f**2 - 4*f + 7. Determine i(-5).
-23
Let b(d) = 4*d + 2. Give b(1).
6
Let h(y) = y**2 - 12*y - 3. Determine h(12).
-3
Let s(k) = 9*k + 10. Determine s(-7).
-53
Let g(l) = 11*l - 38. Give g(10).
72
Let c(s) = s**2 - 12*s + 28. Determine c(9).
1
Let h(a) = -34*a + 577. What is h(17)?
-1
Let s(n) = -n**2 - 20*n - 17. Determine s(-19).
2
Let u(r) = -4*r. Give u(-2).
8
Let q(c) = -c**3 + 14*c**2 - 24*c - 7. What is q(12)?
-7
Let g(a) = 4*a - 43. Give g(18).
29
Let t(u) = -u**2 - 57*u + 55. Determine t(-58).
-3
Let s(h) = -h**2 + 6*h + 2. Calculate s(6).
2
Let o(y) = y**3 + 13*y**2 + 13*y + 8. Give o(-12).
-4
Let y(t) = -t**2 - 13*t - 13. What is y(-10)?
17
Let i(b) = b**3 - 10*b**2 + 3*b - 14. Calculate i(10).
16
Let t(x) = -x**2 + 2*x - 12. Calculate t(13).
-155
Let l(t) = 4*t**3 - 2*t**2 + 3*t - 2. Determine l(1).
3
Let l(s) = -32*s + 135. Give l(4).
7
Let w(f) = -f**3 + 18*f**2 - 18*f + 19. Give w(17).
2
Let f(l) = -2*l - 14. Determine f(-11).
8
Let n(l) = l - 12. Determine n(13).
1
Let g(v) = 2*v**2 + 2*v - 2. Determine g(1).
2
Let g(r) = 5*r - 14. Calculate g(6).
16
Let k(a) = 21*a - 2. Give k(4).
82
Let d(w) = -w**3 + 8*w**2 + 14*w + 54. Give d(10).
-6
Let w(d) = -3*d**2 - 17*d - 6. What is w(-3)?
18
Let u(k) = -k**3 - 6*k**2 + 2*k + 7. Give u(-6).
-5
Let z(u) = -2*u - 6. Give z(-4).
2
Let o(q) = 2*q + 9. Determine o(-5).
-1
Let i(s) = 11*s + 163. Calculate i(-14).
9
Let s(t) = -t**2 + 10*t - 18. What is s(8)?
-2
Let r(i) = 16*i - 226. Determine r(15).
14
Let w(o) = -o**2 + 8*o + 105. Give w(-7).
0
Let i(c) = -c**2 - 12*c - 4. Calculate i(-12).
-4
Let c(z) = -z**3 - 12*z**2 - 18*z + 9. Give c(-10).
-11
Let v(b) = -2*b - 11. What is v(-2)?
-7
Let h(o) = 11*o - 29. Calculate h(5).
26
Let v(k) = -32*k + 45. What is v(2)?
-19
Let v(u) = -u**3 + 5*u**2 + u. Determine v(6).
-30
Let a(q) = -q**3 + 12*q**2 + 13*q. Give a(13).
0
Let p(x) = -x**3 - x**2 + 17. What is p(0)?
17
Let r(i) = -i**3 + 9*i**2 - 16*i + 1. Calculate r(7).
-13
Let h(v) = -3*v**3 - 7*v**2 - 5*v. Determine h(-2).
6
Let x(y) = -8*y + 110. What is x(13)?
6
Let w(t) = 6*t - 19. Determine w(-5).
-49
Let v(o) = o**3 - 16*o**2 + 33*o - 62. Determine v(14).
8
Let h(s) = -8*s - 47. Give h(-8).
17
Let z(h) = h**2 - 18*h - 66. Give z(-3).
-3
Let m(l) = -l**3 - 6*l**2 - 27*l - 74. What is m(-4)?
2
Let h(w) = w**2 - 6*w - 10. What is h(8)?
6
Let o(u) = -u - 21. Give o(8).
-29
Let v(t) = -t**2 - 2*t + 227. Calculate v(14).
3
Let u(h) = 8*h**3 - 3*h**2 + 3*h - 2. Calculate u(2).
56
Let n(q) = q**2 + q - 15. Calculate n(-5).
5
Let b(g) = 2*g**3 - 4*g**2 - 3*g - 6. What is b(4)?
46
Let y(h) = -h**2 + 8*h - 3. Determine y(7).
4
Let j(r) = -r**2 - 2*r + 1. Determine j(2).
-7
Let m(i) = 12*i - 2. Give m(1).
10
Let v(m) = -2*m + 4. Determine v(6).
-8
Let s(o) = -6*o - 124. What is s(-27)?
38
Let i(y) = -2*y -